mainder when q is divided by 14?
13
Let s(t) = t + 1. Let v be s(3). Suppose 32 = 2*z - 5*y, 0 = v*y - 3*y. Calculate the remainder when 61 is divided by z.
13
Suppose 6*g = 4*g + 22. Let k = -3 - -7. What is the remainder when g is divided by k?
3
Calculate the remainder when 22 is divided by (-19 + 1)*(-6)/18.
4
Suppose 0 = m - 6 - 7. Calculate the remainder when m is divided by 4.
1
Suppose -4*z + h = -17, 2*h + 10 = 2*z - 0*z. What is the remainder when (-2 - -4)*2/z is divided by 1?
0
Let v(z) = z**2 - 7*z - 5. Suppose 3*r + 0 = 33. Calculate the remainder when v(r) is divided by 14.
11
Suppose -p - 2*m = 2*p - 29, 0 = -p + 2*m - 1. Suppose 5*f = p*f - 150. What is the remainder when f is divided by 19?
18
Let k(i) = -5*i**2 + 26*i - 17. Let g(b) = -3*b**2 + 17*b - 11. Let d(h) = -8*g(h) + 5*k(h). Calculate the remainder when 11 - (0 + 6/(-2)) is divided by d(-5).
6
Suppose 5*x - 5*q = -0*q + 40, -3*x + 5*q + 20 = 0. Calculate the remainder when 3 is divided by ((-12)/x)/((-4)/10).
0
Suppose 6*p - 608 = 268. What is the remainder when p is divided by 15?
11
Suppose -2 = -2*g - 3*i - i, -5*g + 16 = -i. Suppose g*k = -7*j + 3*j + 135, 0 = -2*j. Suppose -2*a + k = 3*a. Calculate the remainder when 15 is divided by a.
6
Suppose 2 = m - 7. Suppose -4*c + 2*c = -68. Calculate the remainder when c is divided by m.
7
Let y = -6 + 4. Let g(c) = 16 - 3*c - c - 19 - 7*c**3. Calculate the remainder when g(y) is divided by 21.
19
Let w = -34 + 57. Suppose 4*v - 21 = w. Suppose -64 = -3*o + x, 0*o - 52 = -3*o - 2*x. Calculate the remainder when o is divided by v.
9
Let g(a) = -9*a - 3. What is the remainder when 196 is divided by g(-4)?
31
Let y(i) = 37*i - 5. What is the remainder when y(2) is divided by 18?
15
Let w = -76 + 111. Calculate the remainder when w is divided by 18.
17
Let q be (-5 - 1)/(1*-1). Let d be (q/4)/((-15)/(-20)). Suppose -d = -2*a + 8. What is the remainder when 9 is divided by a?
4
Let t = -50 + 79. Calculate the remainder when t is divided by 8.
5
Let v(f) = -16*f**3 + 2*f**2 + 2*f + 1. Let m = 27 + -17. What is the remainder when v(-1) is divided by m?
7
Suppose t + 4*w = 9, 3*w + 0*w + 55 = 4*t. Suppose 20 = s - 2*j, -2*s + 4*j + 52 = s. Let d = -5 + s. Calculate the remainder when t is divided by d.
6
Let x(y) = 4*y**2 + 2*y - 4. What is the remainder when x(-5) is divided by 11?
9
Let a(s) = s**2 + 9*s - 11. What is the remainder when 122 is divided by a(-12)?
22
Suppose -3*l = 3*g - 8*g + 39, 10 = 5*l. What is the remainder when g is divided by 2/(-6) - (-16)/3?
4
Suppose 3*c - 42 = x, 3*c + 9 = 4*c - 2*x. Let w = c + -9. Suppose g - 5*g = -16. Calculate the remainder when w is divided by g.
2
Suppose -5*p - 2 = 3, -3*p + 75 = 2*g. Calculate the remainder when g is divided by 7.
4
Let n = 3 - -6. Calculate the remainder when 33 is divided by n.
6
Let y(c) = c + 22. Calculate the remainder when 30 is divided by y(-6).
14
Let t(o) = 12*o**2 - o + 1. What is the remainder when 59 is divided by t(1)?
11
What is the remainder when 32 is divided by (-3 - (-28)/20)/(2/(-25))?
12
Let s(w) be the second derivative of 0 + 1/6*w**4 + 2*w**2 - 1/3*w**3 + 3*w. What is the remainder when 30 is divided by s(3)?
14
Suppose 65 = 3*k + 2*c, 2*k + 2*c = 3*k - 27. What is the remainder when 67 is divided by k?
21
Calculate the remainder when 19 is divided by (11 - 1) + (-4)/4.
1
Let j(u) = -2*u + 24. Let q be j(12). Suppose q = -2*b + 22 - 2. What is the remainder when b is divided by 3?
1
What is the remainder when (8/12)/((-4)/6) - -119 is divided by 20?
18
Let u = -84 - -48. Let b be ((-136)/6)/(8/u). Suppose 4*h - b = -14. Calculate the remainder when 43 is divided by h.
21
Let o(u) = 2*u - 2. Let c be o(2). Suppose 2*y = -c*g - y + 6, 0 = g - 5*y - 3. Let z = g + -1. Calculate the remainder when z is divided by 2.
0
Suppose 5*j + 2*q = 109, -3*j = -4*j - 4*q + 11. Let y(r) = -r**2 - 6*r + 6. What is the remainder when j is divided by y(-6)?
5
Suppose -3*b - 8 = 2*b + x, 3*b + 14 = 4*x. Let u(l) = -2*l**3 - 2*l**2 - l - 1. What is the remainder when -20*(-4)/10*2 is divided by u(b)?
7
Let f = -17 - -48. Calculate the remainder when f is divided by (-553)/(-49) + 4/(-14).
9
Calculate the remainder when 35 is divided by (-1 + 0)/(3/(-42)).
7
Suppose 2*c = u + 8, 0*c - 2*c = u - 8. Suppose 2*t = -u*t + 4. What is the remainder when t is divided by 2?
0
Suppose 9 + 1 = p. Suppose -5*y + 26 + 64 = 0. Calculate the remainder when p is divided by y/(-4)*4/(-3).
4
Let g(i) = -i**3 - 2*i**2 + 4*i + 3. Let z be g(-2). Let b = -108 + 135. What is the remainder when b is divided by 4/20 + (-34)/z?
6
Suppose 5*a = -2*y + 5 - 55, y + 20 = -5*a. Calculate the remainder when 274/6 - (-20)/y is divided by 23.
22
Let r = 99 - 75. Calculate the remainder when r is divided by 13.
11
Let w = -26 - -38. Let y = w - 4. What is the remainder when 22 is divided by y?
6
Let c = -2 + 5. Suppose c*v = -13 + 34. What is the remainder when 20 is divided by v?
6
Suppose 3*r = r + 10, 4*q = -4*r + 40. Let u(m) = m**2 + 6*m + 7. Let k be u(-5). Suppose 2*b - 30 = -k. Calculate the remainder when b is divided by q.
4
Suppose -4*a - 17 - 31 = 0. Calculate the remainder when 58 is divided by (-45)/a*16/3.
18
Suppose -u + 3*u - 22 = -a, 6 = 3*u. Calculate the remainder when 34 is divided by a.
16
Suppose 0 = i + 3*i - 44. Let v(r) = r**3 - 4*r**2 - 2*r + 6. Calculate the remainder when v(5) is divided by i.
10
Let q = -4 + 27. What is the remainder when q is divided by 13?
10
Let n(u) = u + 11. Let f be n(-9). Suppose -3*w - f*w = -10. What is the remainder when (-19)/(-7) + 4/14 is divided by w?
1
Suppose g = -g + 24. Let i = 8 + -6. Suppose i*j - 22 = -3*a + a, -3*j = -a - 5. What is the remainder when g is divided by a?
5
Suppose 10*q - 11*q + 20 = 0. Calculate the remainder when 76 is divided by q.
16
Let k(i) = i**3 - 18*i**2 - 19*i + 21. What is the remainder when 41 is divided by k(19)?
20
Suppose 0 = a + 2*o - 18, 4*a - 3*o - 27 = 100. Calculate the remainder when 83 is divided by a.
27
Let y(l) = -26*l - 2. Let i be y(4). Let g = -58 - i. What is the remainder when g/10*10/3 is divided by 6?
4
Let j = -5 - -17. Let k = 21 - j. Suppose -t = -5*o - 1, t = o + 3*o + 6. Calculate the remainder when t is divided by k.
8
Let p(y) = -10*y**3 + y + 1. Let n(g) = -g**2 + 5. Let b be n(0). Suppose -b*c + 0*c - 5 = 0. Calculate the remainder when p(c) is divided by 6.
4
Suppose -2*q + 62 = -3*c - c, 3*c + 49 = q. Suppose 4*m = 5*v - 22, v = m - 0 + 5. Calculate the remainder when (-58)/c - (-4)/(-18) is divided by v.
1
Suppose 0 = -4*c + 2*d - 11 - 39, 0 = c + 4*d - 10. Let v(p) = -4*p - 2. Let m be v(-5). Let w = m + c. Calculate the remainder when 23 is divided by w.
7
Let w(y) = 22*y - 2 - 20*y - 7. Calculate the remainder when w(6) is divided by 2.
1
Let k be (-1)/6 + (-50)/(-12). Suppose 7*j - k*o - 40 = 2*j, -5*j + 75 = 3*o. What is the remainder when 46 is divided by j?
10
Suppose -q + 13 = -2. What is the remainder when 41 is divided by q?
11
Let t(l) = -8*l**2 + 1 + 0 + 44*l**2. What is the remainder when t(-1) is divided by 19?
18
Let i(m) = -42*m. What is the remainder when i(-1) is divided by 9?
6
Let g(t) = -19*t - 1. Let h be g(-2). Suppose 3*z = 4*a + h, -a + 11 = z - 2*a. What is the remainder when 13 is divided by z?
6
Let j(c) = -19*c + 16. Calculate the remainder when j(-2) is divided by 20.
14
Let t be (0/(-3) - 1) + 3. Calculate the remainder when 37 is divided by 2/(3/39*t).
11
Let p(k) = -3*k + 2. Calculate the remainder when ((-6)/(-7))/(2/196) is divided by p(-5).
16
Let c(a) = a - 1. Let m(w) = -w. Let p(u) = 6*c(u) + 10*m(u). What is the remainder when p(-6) is divided by 5?
3
Suppose d - 72 = -56. What is the remainder when 74 is divided by d?
10
Let p = 24 + -19. Suppose p*x - 37 = 28. Calculate the remainder when 37 is divided by x.
11
Suppose 4*m = -i - 2*i + 5, 2*i - 7 = m. What is the remainder when 7 is divided by i?
1
Suppose -6*a + 2*a = 40. Let c(i) = -i**2 - i + 5. Let z be c(4). Let o = a - z. What is the remainder when 18 is divided by o?
3
Let y = 0 + 4. Calculate the remainder when y is divided by 4.
0
Suppose -5*w + 64 = 24. Calculate the remainder when 15/(-35) + (-470)/(-35) is divided by w.
5
Let t = -13 + 21. What is the rem